{"id":21,"date":"2014-11-19T09:48:58","date_gmt":"2014-11-19T08:48:58","guid":{"rendered":"http:\/\/www.fas.sm\/fas\/?page_id=21"},"modified":"2017-06-28T20:34:37","modified_gmt":"2017-06-28T18:34:37","slug":"raid-glyders","status":"publish","type":"page","link":"http:\/\/www.fas.sm\/fas\/raid-glyders\/","title":{"rendered":"Raid Gliders"},"content":{"rendered":"<p style=\"text-align: center;\"><strong><em>PRESENTAZIONE<\/em><\/strong><a href=\"http:\/\/www.fas.sm\/fas\/wp-content\/uploads\/RAID-Copy.jpg\"><img loading=\"lazy\" decoding=\"async\" width=\"222\" height=\"230\" class=\" wp-image-1545 alignright\" alt=\"RAID (Copy)\" src=\"http:\/\/www.fas.sm\/fas\/wp-content\/uploads\/RAID-Copy-289x300.jpg\" srcset=\"http:\/\/www.fas.sm\/fas\/wp-content\/uploads\/RAID-Copy-289x300.jpg 289w, http:\/\/www.fas.sm\/fas\/wp-content\/uploads\/RAID-Copy.jpg 578w\" sizes=\"(max-width: 222px) 100vw, 222px\" \/><\/a><\/p>\n<p><strong><em>Che cosa \u00e8 il Raid Internazionale di San Marino?<\/em><\/strong><\/p>\n<p><em>La Federazione Aeronautica Sammarinese ha organizzato fino all\u2019anno 2003 una competizione internazionale di regolarit\u00e0 che ha avuto un grande seguito fra tutti gli aeromodellisti europei, ci sono state edizioni con la presenza anche di 120 piloti. <\/em><\/p>\n<p><em>Dopo un fermo di 11 anni si \u00e8 ripreso con la 37\u00b0 edizione nel 2015 e con un <\/em><em>regolamento simile, adattato alle nuove esigenze di sicurezza ed alle nuove possibilit\u00e0 che offre l\u2019attuale tecnologia elettronica.<\/em><\/p>\n<p><em>(nuovo regolamento ideato da Paolo Dapporto)<\/em><\/p>\n<p style=\"text-align: center;\"><strong><em>PRESENTATION<\/em><\/strong><\/p>\n<p><em><strong>What<\/strong><strong> is the International Raid of San Marino? <\/strong><\/em><\/p>\n<p><em>The Aeronautical Federation of San Marino has organized, until year 2003, an international regularity competition which received a large following among all European aero modelers, there have been editions with the presence of even 120 pilots. After a stop of 11 years, the 37th edition will be a new start&nbsp; in 2015 with similar regulations adapted to new security requirements and new possibilities offered by the current information technology.<\/em><a href=\"http:\/\/www.fas.sm\/fas\/wp-content\/uploads\/RAID-2-Copy.jpg\"><img loading=\"lazy\" decoding=\"async\" width=\"292\" height=\"175\" class=\" wp-image-1546 alignright\" alt=\"RAID 2 (Copy)\" src=\"http:\/\/www.fas.sm\/fas\/wp-content\/uploads\/RAID-2-Copy-300x180.jpg\" srcset=\"http:\/\/www.fas.sm\/fas\/wp-content\/uploads\/RAID-2-Copy-300x180.jpg 300w, http:\/\/www.fas.sm\/fas\/wp-content\/uploads\/RAID-2-Copy.jpg 800w\" sizes=\"(max-width: 292px) 100vw, 292px\" \/><\/a><br \/>\n<em><br \/>\n<\/em><\/p>\n<p>&nbsp;<\/p>\n<p style=\"text-align: left;\"><strong><em>In cosa consiste il Raid?<\/em><\/strong><\/p>\n<p><em>In una prova di volo veleggiato a tempo prestabilito (16 minuti di volo) da disputarsi con aeromodelli di alianti che saranno lanciati dalla rupe di San Marino (da piazzale Borghesi che \u00e8 a quota 650 mt.) con atterraggio al campo sportivo di Serravalle che \u00e8 a quota 120 mt. Il modello sar\u00e0 seguito nel suo volo dal pilota che si posizioner\u00e0 sulla sua auto e percorrer\u00e0 un itinerario stradale prestabilito, con obbligo di transitare da 3 postazioni di controllo presenti lungo il percorso. <\/em><\/p>\n<p><em>Alla fine del Raid vi sar\u00e0 una grande pranzo conviviale, presenti&nbsp; le autorit\u00e0 Sammarinesi e vi sar\u00e0 la distribuzione dei premi. Il pranzo, sar\u00e0 servito presso l\u2019Aeroclub di San Marino dalle ore 12,30 alle 14,00.<\/em><\/p>\n<p><em>A seguire la premiazione, e per concludere fino alle ore 18,00 vi sar\u00e0 una<\/em><em> bella manifestazione aeromodellistica.<\/em><\/p>\n<p><em>&nbsp;<\/em><strong><em>What is the<\/em><\/strong><strong><em> Raid? <\/em><\/strong><\/p>\n<p><em>It is<\/em><em> a soaring flight at predetermined time (16-minute flight) held with a glider aero-model launched from the rock of San Marino (Piazzale Borghesi at an altitude of 650 meters) &nbsp;and landing in the sports filed of Serravalle at an altitude of 120 meters. The model will be followed, in its flight, by the pilot positioned in the car covering a predetermined route with the obligation of passing by n.3 checkpoints along the way. At the end of the Raid, a nice convivial lunch and award ceremony will take place in the presence of the authorities of San Marino. The lunch will be served at the Aeroclub of San Marino from 12.30 a.m. to 2.00 p.m.. Then, the awards ceremony will follow and a pleasant aero-modeling show until 6.00 p.m.<\/em><\/p>\n","protected":false},"excerpt":{"rendered":"<p>PRESENTAZIONE Che cosa \u00e8 il Raid Internazionale di San Marino? La Federazione Aeronautica Sammarinese ha organizzato fino all\u2019anno 2003 una competizione internazionale di regolarit\u00e0 che ha avuto un grande seguito fra tutti gli aeromodellisti europei, ci sono state edizioni con la presenza anche di 120 piloti. Dopo un fermo di 11 anni si \u00e8 ripreso &hellip; <a href=\"http:\/\/www.fas.sm\/fas\/raid-glyders\/\" class=\"more-link\">Continua la lettura di <span class=\"screen-reader-text\">Raid Gliders<\/span> <span class=\"meta-nav\">&rarr;<\/span><\/a><\/p>\n","protected":false},"author":1,"featured_media":0,"parent":0,"menu_order":16,"comment_status":"closed","ping_status":"closed","template":"","meta":{"ngg_post_thumbnail":0,"footnotes":""},"_links":{"self":[{"href":"http:\/\/www.fas.sm\/fas\/wp-json\/wp\/v2\/pages\/21"}],"collection":[{"href":"http:\/\/www.fas.sm\/fas\/wp-json\/wp\/v2\/pages"}],"about":[{"href":"http:\/\/www.fas.sm\/fas\/wp-json\/wp\/v2\/types\/page"}],"author":[{"embeddable":true,"href":"http:\/\/www.fas.sm\/fas\/wp-json\/wp\/v2\/users\/1"}],"replies":[{"embeddable":true,"href":"http:\/\/www.fas.sm\/fas\/wp-json\/wp\/v2\/comments?post=21"}],"version-history":[{"count":12,"href":"http:\/\/www.fas.sm\/fas\/wp-json\/wp\/v2\/pages\/21\/revisions"}],"predecessor-version":[{"id":2017,"href":"http:\/\/www.fas.sm\/fas\/wp-json\/wp\/v2\/pages\/21\/revisions\/2017"}],"wp:attachment":[{"href":"http:\/\/www.fas.sm\/fas\/wp-json\/wp\/v2\/media?parent=21"}],"curies":[{"name":"wp","href":"https:\/\/api.w.org\/{rel}","templated":true}]}}